 prime factors of r(s)?
2, 5
Let t(j) be the second derivative of j**5/5 - 7*j**4/6 + 3*j**3/2 + 3*j**2 - 44*j. List the prime factors of t(5).
3, 67
Suppose 3*l = -11 + 26. Suppose -l*b + 102 = -133. List the prime factors of b.
47
Let l be (-2)/(6/(-9)) - -2. Suppose 0*g + l*g = 100. What are the prime factors of g?
2, 5
Let o(q) = 17*q - 137. Let n be o(12). Let i be (-11)/(-1*2/(-4)). Let b = i + n. What are the prime factors of b?
3, 5
Let k(d) be the first derivative of d**3 - d**2/2 - 2*d - 4. Let t = -13 + 15. List the prime factors of k(t).
2
Let f = 49 + 32. Suppose -r + 0*p = 2*p - f, 3 = p. What are the prime factors of r?
3, 5
Let r(s) = s**2 + 8*s + 7. Let q be r(-7). Let c be 0/(q + -3) - -2. Suppose -v + 47 = -c*h, -5*h = 19 + 6. List the prime factors of v.
37
Suppose 15*g - 12*g = 528. List the prime factors of g.
2, 11
Let f = -303 - -1387. What are the prime factors of f?
2, 271
Suppose 5*q - 5*h + 23 = 3, -2*q + 13 = 5*h. Let p be q/(-5) + 81/45. Suppose -2*o = f - 43, -105 = -5*f + p*f + 2*o. What are the prime factors of f?
37
Let u(x) = 6*x**2 - 13*x + 68. What are the prime factors of u(11)?
3, 7, 31
Suppose -12*y - 2665 + 7009 = 0. List the prime factors of y.
2, 181
Let z = 32 + -37. Let s = 47 - z. What are the prime factors of s?
2, 13
Suppose 4*y = 2*n + 2, 3*n - 25 = -2*n. Suppose 0 = -y*g + g + 84. List the prime factors of g.
2, 3, 7
Let l be (-9)/(36/(-16)) - 4. Suppose 3*b = 0, l*b + 376 = 4*k - 5*b. List the prime factors of k.
2, 47
What are the prime factors of ((-1)/(-3))/(3/153)?
17
Suppose -2*q = 2*q - 520. Suppose 118 = 4*j - q. What are the prime factors of j?
2, 31
List the prime factors of ((-6)/4 - (-2 + 5))*-110.
3, 5, 11
Let t(x) = 5 - 2*x + x - 16 + 2*x. Let q be t(11). Suppose -2*m + q*p + 43 = 3*p, -3*m = -3*p - 57. List the prime factors of m.
2, 5
Suppose 0 = -3*b + 6 - 9, 0 = -5*j - b + 8034. List the prime factors of j.
1607
Let a be (2/10)/((-1)/(-5)). Let q = 18 - 26. List the prime factors of (-1 - q) + (a - -1).
3
Let z be 4 - (0 + 1)*(-2 - -1). Suppose 0 = -2*v - z*l + 107, 3*v - 5*l - 57 = v. List the prime factors of v.
41
List the prime factors of (4/(-7))/((-3)/1407).
2, 67
Let h(l) = -2*l. Let b be h(-3). Let q(t) be the third derivative of 7*t**4/24 + 7*t**3/3 - 21*t**2. What are the prime factors of q(b)?
2, 7
Suppose -16 + 1055 = 4*w + x, -2*w = -4*x - 506. What are the prime factors of w?
7, 37
Let y = 357 - 524. Let w = 302 + y. What are the prime factors of w?
3, 5
Let n be (2 - -4)*1/(-2). Let v(d) = -3*d**3 + 4*d**2 + 2*d - 2. List the prime factors of v(n).
109
Let l = -36 + 1. Let k = -66 - -47. Let g = k - l. What are the prime factors of g?
2
Suppose 2*x = -171 + 27. Let c = x + 124. List the prime factors of c.
2, 13
Let t be (3/3 - -279)/(6 - 7). Let q = t + 444. List the prime factors of q.
2, 41
Let p(f) be the first derivative of f**4 + f**2 + f + 16. Let d(h) = h - 10. Let t be d(12). What are the prime factors of p(t)?
37
Let c(i) = -24*i - 46. Let f be 357/(-49) - (-6)/21. What are the prime factors of c(f)?
2, 61
Let p(i) = 2*i**2 - 11*i - 3. Let d = 29 + -16. Suppose -d*q = -10*q - 24. List the prime factors of p(q).
37
Let d = -272 - -416. What are the prime factors of d?
2, 3
Let v be (-371)/(-5) - (-2)/(-10)*1. Suppose -146 = -2*k + v. List the prime factors of k.
2, 5, 11
Suppose 0 = -3*j + 3*l - 159, j + 3*l = -j - 81. List the prime factors of 9/9 - j/1.
7
Let u = 428 + -1642. What are the prime factors of u/(-12) + ((-33)/(-18) - 2)?
101
Let s = 1199 + -555. What are the prime factors of s?
2, 7, 23
Let q(j) = -j**2 + 10*j - 10. Let x = 19 + -11. Let k be q(x). Suppose -40 = -k*i + 3*i - 2*t, -36 = -i + 5*t. What are the prime factors of i?
2
Let x be (-4)/(0 - 5 - -4). Suppose 0 = x*u + u - 315. List the prime factors of u.
3, 7
Suppose -2057 - 120 = -7*g. List the prime factors of g.
311
What are the prime factors of 234 - (-3 - -3) - (-20)/(-5)?
2, 5, 23
Suppose i - 1541 = -r - 245, 0 = -i - 3*r + 1288. What are the prime factors of i?
2, 5, 13
Let i be (-4)/8*(3 + -3). Suppose 438 = -3*n - i*c - 3*c, 4*c + 729 = -5*n. Let m = -88 - n. List the prime factors of m.
3, 19
Suppose -2*l + 3606 = -4*s, 7*s - 8*s = -2*l + 3621. What are the prime factors of l?
7, 37
Suppose 10*d - 543 = 1857. What are the prime factors of d?
2, 3, 5
Suppose 2*s = 3*s - 2. Let p be (-1 + 2)/((-10)/(-310)). Suppose 7 + p = s*m. What are the prime factors of m?
19
Let r(a) = 15*a. Suppose 5*d + 12 = o, 3*d - 18 = 4*d + 5*o. Let s be r(d). List the prime factors of ((-10)/25)/(3/s).
2, 3
Let u(z) = 10*z - 32. Let c be u(7). Suppose -y + 115 + c = 0. What are the prime factors of y?
3, 17
Let u = 3437 + -2109. What are the prime factors of u?
2, 83
Suppose 4*a + 3*b = 25, -2*b = -8*a + 3*a + 14. Suppose -1088 = -4*s - 4*c - 0*c, 0 = -a*s + c + 1113. What are the prime factors of s?
277
Let l(s) = 2*s**3 - s**2 - 3*s + 5. Let k(b) = -b**3 + b**2 - b. Let g(v) = k(v) + l(v). List the prime factors of g(2).
5
Let y(f) be the third derivative of f**4/6 + f**3/6 - 14*f**2. List the prime factors of y(12).
7
Suppose -3*s - 311 = -2*k, -3*s + 31 = -k + 179. List the prime factors of k.
163
Suppose l = -l + 64. Suppose -4*x = -0*g + 5*g - 5, -4*x = -4*g - l. List the prime factors of ((-4)/(-5))/(g/(-30)).
2
Let v(u) = -189*u - 3. Let g be v(-1). Let l = g + -71. List the prime factors of l.
5, 23
Suppose 2*c + c - 9 = 0. Suppose 46 = -c*t + q + 15, 18 = -2*t - 2*q. Let v(p) = p**2 + 8*p + 9. What are the prime factors of v(t)?
29
Let k(t) = 65*t + 29. List the prime factors of k(14).
3, 313
Suppose -12 = -2*x - 0. Suppose 2*p + 0*p - x = 0. Let f(h) = 13*h - 4. List the prime factors of f(p).
5, 7
Suppose -6*o + o + 5*s + 1225 = 0, -482 = -2*o - 2*s. Suppose -4*h + o = -4*m - 249, -4*h + 490 = -5*m. What are the prime factors of h?
5
What are the prime factors of 16/56 - ((-24753)/21 + 2)?
11, 107
Let t(c) = 22*c**3 + c**2 - c + 1. Let p = 22 + -7. Suppose -5*j + 39 - 9 = 5*d, -p = -5*d - 2*j. What are the prime factors of t(d)?
23
Suppose f - 344 = 350. What are the prime factors of f?
2, 347
Suppose 2*c - 3 = -2*b + 3*b, -4*b = -5*c. Suppose c*x = 83 - 283. Let l = -28 - x. What are the prime factors of l?
2, 11
Let t = -1 + 8. Let v = 3 + t. List the prime factors of v.
2, 5
Let t be (-550)/25 - (10/2 + 0). Let j(f) = -f**3 + 5*f**2 + 3*f + 3. Let l be j(4). Let z = t + l. List the prime factors of z.
2
List the prime factors of 3687 + 8/2 + -3.
2, 461
Let p be (-8)/(-28) - (-19)/7. Suppose -4*c + p*c = -3. Suppose 0 = -c*k - 2*k + 140. List the prime factors of k.
2, 7
Let x = 126 - 47. What are the prime factors of x?
79
Let l(s) = -2*s**3 + 12*s**2 + 13*s - 3. What are the prime factors of l(-7)?
2, 5, 59
Let m be 24/(-9)*81*5/(-4). Suppose -5*u = -0*u - m. List the prime factors of u.
2, 3
Suppose -3*g + 3885 = 3*b, 43*b - 40*b = 0. What are the prime factors of g?
5, 7, 37
Let v be (0 - -1)/(1/(-12)*-3). Suppose 3*f + 3*g - 15 = 0, 3*g - 5*g = v. What are the prime factors of f?
7
Let z = 40 - 22. Suppose -6*t = -z - 0. What are the prime factors of 40 - 2 - (-2 + t)?
37
Let t(a) = -85*a + 191. List the prime factors of t(-19).
2, 3, 7, 43
Let h(r) = 1366*r**2 + 30*r + 68. List the prime factors of h(-2).
2, 3, 19
Let x(h) = 4*h**3 + 0*h**2 + 0*h - 16 - 5*h**3 - 5*h**2 + 2*h. List the prime factors of x(-7).
2, 17
Let p(m) = 6*m**3 - 40*m**2 - 3*m + 15. List the prime factors of p(9).
2, 3, 11, 17
Suppose 5*a = 3*w + 328, 2*a + 2*w - 136 + 8 = 0. Suppose 5*k - 15 = -a. Let v = k - -15. What are the prime factors of v?
5
Suppose -4*m - 26 = 2*g, -5*m - 33 = 2*g + g. Let x(d) = 2*d**2 - 8*d - 24. Let j be x(8). What are the prime factors of (36/(-10))/(m/j)?
2, 3
Suppose -2*d + 0*d = x + 4, x = d + 5. Suppose -x*w = 2*w + 12. What are the prime factors of (0/2)/w + 5?
5
Let r be (3 + -2)/(5/35). Suppose -p + r*p = 0. Suppose p = 2*x - 24. What are the prime factors of x?
2, 3
Suppose 4*p - 22 = 3*r, 4*r + 2 + 27 = 5*p. Let y be 3*(-2)/r*10. What are the prime factors of 2/2 - y/(-1)?
11
List the prime factors of 5/(-66)*-11 - (-6193)/6.
1033
What are the prime factors of 1/(311/1228 + 13/(-52))?
307
Let y = -24 + 111. What are the prime factors of y?
3, 29
Suppose 2187 = 